{"id":94,"date":"2026-01-24T13:49:40","date_gmt":"2026-01-24T13:49:40","guid":{"rendered":"https:\/\/vivreagirploudaniel.fr\/?page_id=94"},"modified":"2026-02-10T19:37:15","modified_gmt":"2026-02-10T19:37:15","slug":"reunion-publique","status":"publish","type":"page","link":"https:\/\/vivreagirploudaniel.fr\/index.php\/reunion-publique\/","title":{"rendered":"R\u00e9union Publique"},"content":{"rendered":"\t\t<div data-elementor-type=\"wp-page\" data-elementor-id=\"94\" class=\"elementor elementor-94\">\n\t\t\t\t<div class=\"elementor-element elementor-element-71d9738 e-flex e-con-boxed e-con e-parent\" data-id=\"71d9738\" data-element_type=\"container\" data-e-type=\"container\" data-settings=\"{&quot;background_background&quot;:&quot;classic&quot;}\">\n\t\t\t\t\t<div class=\"e-con-inner\">\n\t\t\t\t<div class=\"elementor-element elementor-element-ecff0e6 elementor-invisible elementor-widget elementor-widget-heading\" data-id=\"ecff0e6\" data-element_type=\"widget\" data-e-type=\"widget\" data-settings=\"{&quot;_animation&quot;:&quot;bounce&quot;}\" data-widget_type=\"heading.default\">\n\t\t\t\t\t<h2 class=\"elementor-heading-title elementor-size-default\">Mercredi 11 mars 2026\n<br><br>20h00\n<br><br>Espace Broc\u00e9liande \u2013 Ploudaniel<\/h2>\t\t\t\t<\/div>\n\t\t\t\t\t<\/div>\n\t\t\t\t<\/div>\n\t\t<div class=\"elementor-element elementor-element-256b000 e-flex e-con-boxed e-con e-parent\" data-id=\"256b000\" data-element_type=\"container\" data-e-type=\"container\">\n\t\t\t\t\t<div class=\"e-con-inner\">\n\t\t\t\t<div class=\"elementor-element elementor-element-6b425b8 elementor-widget-divider--view-line elementor-widget elementor-widget-divider\" data-id=\"6b425b8\" data-element_type=\"widget\" data-e-type=\"widget\" data-widget_type=\"divider.default\">\n\t\t\t\t\t\t\t<div class=\"elementor-divider\">\n\t\t\t<span class=\"elementor-divider-separator\">\n\t\t\t\t\t\t<\/span>\n\t\t<\/div>\n\t\t\t\t\t\t<\/div>\n\t\t\t\t\t<\/div>\n\t\t\t\t<\/div>\n\t\t<div class=\"elementor-element elementor-element-9c90487 e-flex e-con-boxed e-con e-parent\" data-id=\"9c90487\" data-element_type=\"container\" data-e-type=\"container\">\n\t\t\t\t\t<div class=\"e-con-inner\">\n\t\t\t\t<div class=\"elementor-element elementor-element-7d2b0c2 elementor-widget elementor-widget-text-editor\" data-id=\"7d2b0c2\" data-element_type=\"widget\" data-e-type=\"widget\" data-widget_type=\"text-editor.default\">\n\t\t\t\t\t\t\t\t\t<p data-start=\"316\" data-end=\"489\">La liste <strong data-start=\"325\" data-end=\"353\">Vivre, Agir \u00e0 Ploudaniel<\/strong> a le plaisir de vous inviter \u00e0 sa <strong data-start=\"388\" data-end=\"408\">r\u00e9union publique<\/strong>, un moment d\u2019\u00e9changes et de dialogue ouvert \u00e0 tous les habitants de la commune.<\/p><p data-start=\"491\" data-end=\"528\">Ce rendez-vous sera l\u2019occasion de :<\/p><ul data-start=\"529\" data-end=\"942\"><li data-start=\"529\" data-end=\"656\"><p data-start=\"531\" data-end=\"656\"><strong data-start=\"531\" data-end=\"573\">Pr\u00e9senter le bilan du mandat 2020-2026<\/strong>, les projets r\u00e9alis\u00e9s et les initiatives qui ont marqu\u00e9 la vie de notre commune.<\/p><\/li><li data-start=\"657\" data-end=\"824\"><p data-start=\"659\" data-end=\"824\"><strong data-start=\"659\" data-end=\"719\">Partager notre programme et nos priorit\u00e9s pour 2026-2032<\/strong>, pour continuer \u00e0 faire vivre Ploudaniel dans la proximit\u00e9, la solidarit\u00e9 et le d\u00e9veloppement durable.<\/p><\/li><li data-start=\"825\" data-end=\"942\"><p data-start=\"827\" data-end=\"942\"><strong data-start=\"827\" data-end=\"858\">\u00c9changer avec les habitants<\/strong>, r\u00e9pondre \u00e0 vos questions et recueillir vos id\u00e9es pour l\u2019avenir de notre commune.<\/p><\/li><\/ul><p data-start=\"944\" data-end=\"1084\">Nous souhaitons faire de cette r\u00e9union un moment <strong data-start=\"993\" data-end=\"1022\">convivial et participatif<\/strong>, o\u00f9 chacun pourra s\u2019exprimer et contribuer \u00e0 la vie locale.<\/p><p data-start=\"1086\" data-end=\"1160\"><strong data-start=\"1086\" data-end=\"1104\">Venez nombreux<\/strong> et partageons ensemble notre vision pour Ploudaniel !<\/p>\t\t\t\t\t\t\t\t<\/div>\n\t\t\t\t\t<\/div>\n\t\t\t\t<\/div>\n\t\t<div class=\"elementor-element elementor-element-1a63291 e-flex e-con-boxed e-con e-parent\" data-id=\"1a63291\" data-element_type=\"container\" data-e-type=\"container\" data-settings=\"{&quot;background_background&quot;:&quot;classic&quot;}\">\n\t\t\t\t\t<div class=\"e-con-inner\">\n\t\t\t\t<div class=\"elementor-element elementor-element-6ac1e73 elementor-widget__width-auto elementor-invisible elementor-widget elementor-widget-image\" data-id=\"6ac1e73\" data-element_type=\"widget\" data-e-type=\"widget\" data-settings=\"{&quot;_animation&quot;:&quot;zoomIn&quot;}\" data-widget_type=\"image.default\">\n\t\t\t\t\t\t\t\t\t\t\t\t\t\t\t<img fetchpriority=\"high\" decoding=\"async\" width=\"960\" height=\"600\" src=\"https:\/\/vivreagirploudaniel.fr\/wp-content\/uploads\/2026\/01\/68a8911249c0dc16fd00147b.1.webp\" class=\"attachment-large size-large wp-image-96\" alt=\"\" srcset=\"https:\/\/vivreagirploudaniel.fr\/wp-content\/uploads\/2026\/01\/68a8911249c0dc16fd00147b.1.webp 960w, https:\/\/vivreagirploudaniel.fr\/wp-content\/uploads\/2026\/01\/68a8911249c0dc16fd00147b.1-300x188.webp 300w, https:\/\/vivreagirploudaniel.fr\/wp-content\/uploads\/2026\/01\/68a8911249c0dc16fd00147b.1-768x480.webp 768w\" sizes=\"(max-width: 960px) 100vw, 960px\" \/>\t\t\t\t\t\t\t\t\t\t\t\t\t\t\t<\/div>\n\t\t\t\t\t<\/div>\n\t\t\t\t<\/div>\n\t\t<div class=\"elementor-element elementor-element-b508037 e-flex e-con-boxed e-con e-parent\" data-id=\"b508037\" data-element_type=\"container\" data-e-type=\"container\">\n\t\t\t\t\t<div class=\"e-con-inner\">\n\t\t\t\t<div class=\"elementor-element elementor-element-aac1755 elementor-widget-divider--view-line elementor-widget elementor-widget-divider\" data-id=\"aac1755\" data-element_type=\"widget\" data-e-type=\"widget\" data-widget_type=\"divider.default\">\n\t\t\t\t\t\t\t<div class=\"elementor-divider\">\n\t\t\t<span class=\"elementor-divider-separator\">\n\t\t\t\t\t\t<\/span>\n\t\t<\/div>\n\t\t\t\t\t\t<\/div>\n\t\t\t\t\t<\/div>\n\t\t\t\t<\/div>\n\t\t<div class=\"elementor-element elementor-element-3d5fa96 e-flex e-con-boxed e-con e-parent\" data-id=\"3d5fa96\" data-element_type=\"container\" data-e-type=\"container\">\n\t\t\t\t\t<div class=\"e-con-inner\">\n\t\t<div class=\"elementor-element elementor-element-4729fd6 e-con-full e-flex e-con e-child\" data-id=\"4729fd6\" data-element_type=\"container\" data-e-type=\"container\">\n\t\t\t\t<div class=\"elementor-element elementor-element-c401604 elementor-align-center elementor-widget elementor-widget-button\" data-id=\"c401604\" data-element_type=\"widget\" data-e-type=\"widget\" data-widget_type=\"button.default\">\n\t\t\t\t\t\t\t\t\t\t<a class=\"elementor-button elementor-button-link elementor-size-sm\" href=\"https:\/\/vivreagirploudaniel.fr\/index.php\/mandat2020-2026\/\">\n\t\t\t\t\t\t<span class=\"elementor-button-content-wrapper\">\n\t\t\t\t\t\t\t\t\t<span class=\"elementor-button-text\">Mandat <br>2020 - 2026<\/span>\n\t\t\t\t\t<\/span>\n\t\t\t\t\t<\/a>\n\t\t\t\t\t\t\t\t<\/div>\n\t\t\t\t<\/div>\n\t\t<div class=\"elementor-element elementor-element-5cdf198 e-con-full e-flex e-con e-child\" data-id=\"5cdf198\" data-element_type=\"container\" data-e-type=\"container\">\n\t\t\t\t<div class=\"elementor-element elementor-element-7e71f41 elementor-align-center elementor-widget elementor-widget-button\" data-id=\"7e71f41\" data-element_type=\"widget\" data-e-type=\"widget\" data-widget_type=\"button.default\">\n\t\t\t\t\t\t\t\t\t\t<a class=\"elementor-button elementor-button-link elementor-size-sm\" href=\"https:\/\/vivreagirploudaniel.fr\/index.php\/elections-municipales-2026-2032\/\">\n\t\t\t\t\t\t<span class=\"elementor-button-content-wrapper\">\n\t\t\t\t\t\t\t\t\t<span class=\"elementor-button-text\">Les \u00e9lections<br>2026 - 2032<\/span>\n\t\t\t\t\t<\/span>\n\t\t\t\t\t<\/a>\n\t\t\t\t\t\t\t\t<\/div>\n\t\t\t\t<\/div>\n\t\t<div class=\"elementor-element elementor-element-aaf6a63 e-con-full e-flex e-con e-child\" data-id=\"aaf6a63\" data-element_type=\"container\" data-e-type=\"container\">\n\t\t\t\t<div class=\"elementor-element elementor-element-f101847 elementor-align-center elementor-widget elementor-widget-button\" data-id=\"f101847\" data-element_type=\"widget\" data-e-type=\"widget\" data-widget_type=\"button.default\">\n\t\t\t\t\t\t\t\t\t\t<a class=\"elementor-button elementor-button-link elementor-size-sm\" href=\"https:\/\/vivreagirploudaniel.fr\/index.php\/notre-equipe\/\">\n\t\t\t\t\t\t<span class=\"elementor-button-content-wrapper\">\n\t\t\t\t\t\t\t\t\t<span class=\"elementor-button-text\">Notre \u00e9quipe<\/span>\n\t\t\t\t\t<\/span>\n\t\t\t\t\t<\/a>\n\t\t\t\t\t\t\t\t<\/div>\n\t\t\t\t<\/div>\n\t\t\t\t\t<\/div>\n\t\t\t\t<\/div>\n\t\t\t\t<\/div>\n\t\t","protected":false},"excerpt":{"rendered":"<p>Mercredi 11 mars 2026 20h00 Espace Broc\u00e9liande \u2013 Ploudaniel La liste Vivre, Agir \u00e0 Ploudaniel a le plaisir de vous inviter \u00e0 sa r\u00e9union publique, un moment d\u2019\u00e9changes et de dialogue ouvert \u00e0 tous les habitants de la commune. Ce rendez-vous sera l\u2019occasion de : Pr\u00e9senter le bilan du mandat 2020-2026, les projets r\u00e9alis\u00e9s et &#8230; <a title=\"R\u00e9union Publique\" class=\"read-more\" href=\"https:\/\/vivreagirploudaniel.fr\/index.php\/reunion-publique\/\" aria-label=\"En savoir plus sur R\u00e9union Publique\">Lire la suite<\/a><\/p>\n","protected":false},"author":1,"featured_media":0,"parent":0,"menu_order":0,"comment_status":"closed","ping_status":"closed","template":"","meta":{"footnotes":""},"class_list":["post-94","page","type-page","status-publish"],"yoast_head":"<!-- This site is optimized with the Yoast SEO plugin v27.3 - https:\/\/yoast.com\/product\/yoast-seo-wordpress\/ -->\n<title>R\u00e9union Publique - Vivre, Agir \u00e0 Ploudaniel<\/title>\n<meta name=\"description\" content=\"Venez rencontrer l\u2019\u00e9quipe Vivre, Agir \u00e0 Ploudaniel lors de la r\u00e9union publique du 11 mars 2026 et d\u00e9couvrez nos priorit\u00e9s pour la commune.\" \/>\n<meta name=\"robots\" content=\"index, follow, max-snippet:-1, max-image-preview:large, max-video-preview:-1\" \/>\n<link rel=\"canonical\" href=\"https:\/\/vivreagirploudaniel.fr\/index.php\/reunion-publique\/\" \/>\n<meta property=\"og:locale\" content=\"fr_FR\" \/>\n<meta property=\"og:type\" content=\"article\" \/>\n<meta property=\"og:title\" content=\"R\u00e9union Publique - Vivre, Agir \u00e0 Ploudaniel\" \/>\n<meta property=\"og:description\" content=\"Venez rencontrer l\u2019\u00e9quipe Vivre, Agir \u00e0 Ploudaniel lors de la r\u00e9union publique du 11 mars 2026 et d\u00e9couvrez nos priorit\u00e9s pour la commune.\" \/>\n<meta property=\"og:url\" content=\"https:\/\/vivreagirploudaniel.fr\/index.php\/reunion-publique\/\" \/>\n<meta property=\"og:site_name\" content=\"Vivre, Agir \u00e0 Ploudaniel\" \/>\n<meta property=\"article:modified_time\" content=\"2026-02-10T19:37:15+00:00\" \/>\n<meta property=\"og:image\" content=\"http:\/\/vivreagirploudaniel.fr\/wp-content\/uploads\/2026\/01\/68a8911249c0dc16fd00147b.1.webp\" \/>\n<meta name=\"twitter:card\" content=\"summary_large_image\" \/>\n<meta name=\"twitter:label1\" content=\"Dur\u00e9e de lecture estim\u00e9e\" \/>\n\t<meta name=\"twitter:data1\" content=\"2 minutes\" \/>\n<script type=\"application\/ld+json\" class=\"yoast-schema-graph\">{\"@context\":\"https:\\\/\\\/schema.org\",\"@graph\":[{\"@type\":\"WebPage\",\"@id\":\"https:\\\/\\\/vivreagirploudaniel.fr\\\/index.php\\\/reunion-publique\\\/\",\"url\":\"https:\\\/\\\/vivreagirploudaniel.fr\\\/index.php\\\/reunion-publique\\\/\",\"name\":\"R\u00e9union Publique - Vivre, Agir \u00e0 Ploudaniel\",\"isPartOf\":{\"@id\":\"https:\\\/\\\/vivreagirploudaniel.fr\\\/#website\"},\"primaryImageOfPage\":{\"@id\":\"https:\\\/\\\/vivreagirploudaniel.fr\\\/index.php\\\/reunion-publique\\\/#primaryimage\"},\"image\":{\"@id\":\"https:\\\/\\\/vivreagirploudaniel.fr\\\/index.php\\\/reunion-publique\\\/#primaryimage\"},\"thumbnailUrl\":\"http:\\\/\\\/vivreagirploudaniel.fr\\\/wp-content\\\/uploads\\\/2026\\\/01\\\/68a8911249c0dc16fd00147b.1.webp\",\"datePublished\":\"2026-01-24T13:49:40+00:00\",\"dateModified\":\"2026-02-10T19:37:15+00:00\",\"description\":\"Venez rencontrer l\u2019\u00e9quipe Vivre, Agir \u00e0 Ploudaniel lors de la r\u00e9union publique du 11 mars 2026 et d\u00e9couvrez nos priorit\u00e9s pour la commune.\",\"breadcrumb\":{\"@id\":\"https:\\\/\\\/vivreagirploudaniel.fr\\\/index.php\\\/reunion-publique\\\/#breadcrumb\"},\"inLanguage\":\"fr-FR\",\"potentialAction\":[{\"@type\":\"ReadAction\",\"target\":[\"https:\\\/\\\/vivreagirploudaniel.fr\\\/index.php\\\/reunion-publique\\\/\"]}]},{\"@type\":\"ImageObject\",\"inLanguage\":\"fr-FR\",\"@id\":\"https:\\\/\\\/vivreagirploudaniel.fr\\\/index.php\\\/reunion-publique\\\/#primaryimage\",\"url\":\"http:\\\/\\\/vivreagirploudaniel.fr\\\/wp-content\\\/uploads\\\/2026\\\/01\\\/68a8911249c0dc16fd00147b.1.webp\",\"contentUrl\":\"http:\\\/\\\/vivreagirploudaniel.fr\\\/wp-content\\\/uploads\\\/2026\\\/01\\\/68a8911249c0dc16fd00147b.1.webp\"},{\"@type\":\"BreadcrumbList\",\"@id\":\"https:\\\/\\\/vivreagirploudaniel.fr\\\/index.php\\\/reunion-publique\\\/#breadcrumb\",\"itemListElement\":[{\"@type\":\"ListItem\",\"position\":1,\"name\":\"Accueil\",\"item\":\"https:\\\/\\\/vivreagirploudaniel.fr\\\/\"},{\"@type\":\"ListItem\",\"position\":2,\"name\":\"R\u00e9union Publique\"}]},{\"@type\":\"WebSite\",\"@id\":\"https:\\\/\\\/vivreagirploudaniel.fr\\\/#website\",\"url\":\"https:\\\/\\\/vivreagirploudaniel.fr\\\/\",\"name\":\"Vivre, Agir \u00e0 Ploudaniel\",\"description\":\"Bevomp assembles, atao prest bepred evit plouzeniel\",\"publisher\":{\"@id\":\"https:\\\/\\\/vivreagirploudaniel.fr\\\/#organization\"},\"potentialAction\":[{\"@type\":\"SearchAction\",\"target\":{\"@type\":\"EntryPoint\",\"urlTemplate\":\"https:\\\/\\\/vivreagirploudaniel.fr\\\/?s={search_term_string}\"},\"query-input\":{\"@type\":\"PropertyValueSpecification\",\"valueRequired\":true,\"valueName\":\"search_term_string\"}}],\"inLanguage\":\"fr-FR\"},{\"@type\":\"Organization\",\"@id\":\"https:\\\/\\\/vivreagirploudaniel.fr\\\/#organization\",\"name\":\"Vivre, Agir \u00e0 Ploudaniel\",\"url\":\"https:\\\/\\\/vivreagirploudaniel.fr\\\/\",\"logo\":{\"@type\":\"ImageObject\",\"inLanguage\":\"fr-FR\",\"@id\":\"https:\\\/\\\/vivreagirploudaniel.fr\\\/#\\\/schema\\\/logo\\\/image\\\/\",\"url\":\"https:\\\/\\\/vivreagirploudaniel.fr\\\/wp-content\\\/uploads\\\/2026\\\/01\\\/cropped-ChatGPT-Image-24-janv.-2026-a-13_49_16-2.webp\",\"contentUrl\":\"https:\\\/\\\/vivreagirploudaniel.fr\\\/wp-content\\\/uploads\\\/2026\\\/01\\\/cropped-ChatGPT-Image-24-janv.-2026-a-13_49_16-2.webp\",\"width\":841,\"height\":505,\"caption\":\"Vivre, Agir \u00e0 Ploudaniel\"},\"image\":{\"@id\":\"https:\\\/\\\/vivreagirploudaniel.fr\\\/#\\\/schema\\\/logo\\\/image\\\/\"}}]}<\/script>\n<!-- \/ Yoast SEO plugin. -->","yoast_head_json":{"title":"R\u00e9union Publique - Vivre, Agir \u00e0 Ploudaniel","description":"Venez rencontrer l\u2019\u00e9quipe Vivre, Agir \u00e0 Ploudaniel lors de la r\u00e9union publique du 11 mars 2026 et d\u00e9couvrez nos priorit\u00e9s pour la commune.","robots":{"index":"index","follow":"follow","max-snippet":"max-snippet:-1","max-image-preview":"max-image-preview:large","max-video-preview":"max-video-preview:-1"},"canonical":"https:\/\/vivreagirploudaniel.fr\/index.php\/reunion-publique\/","og_locale":"fr_FR","og_type":"article","og_title":"R\u00e9union Publique - Vivre, Agir \u00e0 Ploudaniel","og_description":"Venez rencontrer l\u2019\u00e9quipe Vivre, Agir \u00e0 Ploudaniel lors de la r\u00e9union publique du 11 mars 2026 et d\u00e9couvrez nos priorit\u00e9s pour la commune.","og_url":"https:\/\/vivreagirploudaniel.fr\/index.php\/reunion-publique\/","og_site_name":"Vivre, Agir \u00e0 Ploudaniel","article_modified_time":"2026-02-10T19:37:15+00:00","og_image":[{"url":"http:\/\/vivreagirploudaniel.fr\/wp-content\/uploads\/2026\/01\/68a8911249c0dc16fd00147b.1.webp","type":"","width":"","height":""}],"twitter_card":"summary_large_image","twitter_misc":{"Dur\u00e9e de lecture estim\u00e9e":"2 minutes"},"schema":{"@context":"https:\/\/schema.org","@graph":[{"@type":"WebPage","@id":"https:\/\/vivreagirploudaniel.fr\/index.php\/reunion-publique\/","url":"https:\/\/vivreagirploudaniel.fr\/index.php\/reunion-publique\/","name":"R\u00e9union Publique - Vivre, Agir \u00e0 Ploudaniel","isPartOf":{"@id":"https:\/\/vivreagirploudaniel.fr\/#website"},"primaryImageOfPage":{"@id":"https:\/\/vivreagirploudaniel.fr\/index.php\/reunion-publique\/#primaryimage"},"image":{"@id":"https:\/\/vivreagirploudaniel.fr\/index.php\/reunion-publique\/#primaryimage"},"thumbnailUrl":"http:\/\/vivreagirploudaniel.fr\/wp-content\/uploads\/2026\/01\/68a8911249c0dc16fd00147b.1.webp","datePublished":"2026-01-24T13:49:40+00:00","dateModified":"2026-02-10T19:37:15+00:00","description":"Venez rencontrer l\u2019\u00e9quipe Vivre, Agir \u00e0 Ploudaniel lors de la r\u00e9union publique du 11 mars 2026 et d\u00e9couvrez nos priorit\u00e9s pour la commune.","breadcrumb":{"@id":"https:\/\/vivreagirploudaniel.fr\/index.php\/reunion-publique\/#breadcrumb"},"inLanguage":"fr-FR","potentialAction":[{"@type":"ReadAction","target":["https:\/\/vivreagirploudaniel.fr\/index.php\/reunion-publique\/"]}]},{"@type":"ImageObject","inLanguage":"fr-FR","@id":"https:\/\/vivreagirploudaniel.fr\/index.php\/reunion-publique\/#primaryimage","url":"http:\/\/vivreagirploudaniel.fr\/wp-content\/uploads\/2026\/01\/68a8911249c0dc16fd00147b.1.webp","contentUrl":"http:\/\/vivreagirploudaniel.fr\/wp-content\/uploads\/2026\/01\/68a8911249c0dc16fd00147b.1.webp"},{"@type":"BreadcrumbList","@id":"https:\/\/vivreagirploudaniel.fr\/index.php\/reunion-publique\/#breadcrumb","itemListElement":[{"@type":"ListItem","position":1,"name":"Accueil","item":"https:\/\/vivreagirploudaniel.fr\/"},{"@type":"ListItem","position":2,"name":"R\u00e9union Publique"}]},{"@type":"WebSite","@id":"https:\/\/vivreagirploudaniel.fr\/#website","url":"https:\/\/vivreagirploudaniel.fr\/","name":"Vivre, Agir \u00e0 Ploudaniel","description":"Bevomp assembles, atao prest bepred evit plouzeniel","publisher":{"@id":"https:\/\/vivreagirploudaniel.fr\/#organization"},"potentialAction":[{"@type":"SearchAction","target":{"@type":"EntryPoint","urlTemplate":"https:\/\/vivreagirploudaniel.fr\/?s={search_term_string}"},"query-input":{"@type":"PropertyValueSpecification","valueRequired":true,"valueName":"search_term_string"}}],"inLanguage":"fr-FR"},{"@type":"Organization","@id":"https:\/\/vivreagirploudaniel.fr\/#organization","name":"Vivre, Agir \u00e0 Ploudaniel","url":"https:\/\/vivreagirploudaniel.fr\/","logo":{"@type":"ImageObject","inLanguage":"fr-FR","@id":"https:\/\/vivreagirploudaniel.fr\/#\/schema\/logo\/image\/","url":"https:\/\/vivreagirploudaniel.fr\/wp-content\/uploads\/2026\/01\/cropped-ChatGPT-Image-24-janv.-2026-a-13_49_16-2.webp","contentUrl":"https:\/\/vivreagirploudaniel.fr\/wp-content\/uploads\/2026\/01\/cropped-ChatGPT-Image-24-janv.-2026-a-13_49_16-2.webp","width":841,"height":505,"caption":"Vivre, Agir \u00e0 Ploudaniel"},"image":{"@id":"https:\/\/vivreagirploudaniel.fr\/#\/schema\/logo\/image\/"}}]}},"_links":{"self":[{"href":"https:\/\/vivreagirploudaniel.fr\/index.php\/wp-json\/wp\/v2\/pages\/94","targetHints":{"allow":["GET"]}}],"collection":[{"href":"https:\/\/vivreagirploudaniel.fr\/index.php\/wp-json\/wp\/v2\/pages"}],"about":[{"href":"https:\/\/vivreagirploudaniel.fr\/index.php\/wp-json\/wp\/v2\/types\/page"}],"author":[{"embeddable":true,"href":"https:\/\/vivreagirploudaniel.fr\/index.php\/wp-json\/wp\/v2\/users\/1"}],"replies":[{"embeddable":true,"href":"https:\/\/vivreagirploudaniel.fr\/index.php\/wp-json\/wp\/v2\/comments?post=94"}],"version-history":[{"count":27,"href":"https:\/\/vivreagirploudaniel.fr\/index.php\/wp-json\/wp\/v2\/pages\/94\/revisions"}],"predecessor-version":[{"id":668,"href":"https:\/\/vivreagirploudaniel.fr\/index.php\/wp-json\/wp\/v2\/pages\/94\/revisions\/668"}],"wp:attachment":[{"href":"https:\/\/vivreagirploudaniel.fr\/index.php\/wp-json\/wp\/v2\/media?parent=94"}],"curies":[{"name":"wp","href":"https:\/\/api.w.org\/{rel}","templated":true}]}}